b = -68 - p. Calculate a(b).
-19
Let b(u) = 58*u - 696. Let i be b(12). Let v(q) = q + 70. Calculate v(i).
70
Let n(o) = -6*o + 1. Let p(q) = -q**2 - 18*q - 31. Let x be ((0 - 16)/4)/((-1)/(-4)). Let u be p(x). Give n(u).
-5
Let i(u) = u**3 - u**2 - 9*u + 6. Let d(h) = 3*h**3 - 3*h**2 - 23*h + 17. Let r(n) = 3*d(n) - 8*i(n). Determine r(3).
30
Let a(j) = j**2 + 15*j - 20. Let b be (-30)/20 + 330/(-20). Determine a(b).
34
Let p be (-1)/(-4) - (18/(-24) - 6). Let l(d) be the first derivative of -d**2/2 + 2*d - 12. Calculate l(p).
-5
Let y(q) = -q**3 + 14*q**2 - q + 9. Let k(u) = -3*u**2 + 20*u - 7. Let j be k(6). Suppose -5*x + 5 + 20 = 0, 3*h - j*x - 17 = 0. Determine y(h).
-5
Suppose -t + 351 = -5*j + 21, 0 = -t. Let m be j/10 - 4/10. Let a(r) = 1 - 5 + 304445*r - 304448*r. Determine a(m).
17
Suppose 0 = -3*g - 3*b + 45, 4*b + 35 = -5*g + 107. Suppose 3*k + k - g = 0. Let h(n) = k*n**2 - 80 + n + 2*n - n**3 + 75. What is h(4)?
-9
Suppose -2*y - 7 = -5*m, m = 5*m - y - 8. Suppose 1 + 3 = 5*s + m*a, -5*s - 4*a + 2 = 0. Let h(j) = -j - j**2 + 12 - j**3 + s*j**2 + 0*j**2. Determine h(0).
12
Let j(h) be the first derivative of 9*h**2/2 - 19*h + 6133. Calculate j(-4).
-55
Suppose -71*x - 1064 = -52*x. Let m(c) = 57*c + 1. Let l be m(1). Let a = l + x. Let r(o) = -3*o + 2. What is r(a)?
-4
Let l(f) = 7*f - 9. Let q(s) be the third derivative of s**4/4 - 4*s**3/3 - s**2. Let b(n) = 5*l(n) - 6*q(n). Let c = 300 - 295. Calculate b(c).
-2
Let u(l) = 3*l**3 - 8*l**3 - l + 4*l**3 + l**2. Let h(k) = -k**3 - k**2 + 8. Let s be h(-3). Let m be (2/8)/(s/104). Determine u(m).
-1
Let u = 4 - 2. Let g = -321 + 407. Let p(n) = -n + g + 2*n**2 - 169 + 84. Give p(u).
7
Let k(w) = 4*w**2 + 68*w - 401. Let s(m) = 5*m**2 + 66*m - 409. Let g(l) = -6*k(l) + 5*s(l). Give g(5).
-4
Let r be 14/4 - (-1)/2. Suppose 3*t + 2*y - 4*y - 56 = 0, -50 = -2*t - 5*y. Suppose -r*v - v = -t. Let a(m) = m**3 - 3*m**2 - 3*m. Give a(v).
4
Let t(k) be the third derivative of -k**6/30 + k**5/60 - k**3/6 - 5*k**2. Suppose -2*i + 9 = 3. Suppose i*z - 5*x = -0 + 8, -4*x = -5*z + 9. Determine t(z).
-4
Let g(u) = -6*u + 54. Let a(o) = 111*o - 1546. Let m be a(14). What is g(m)?
6
Let n(j) = -4*j**2 - 12*j + 12. Let s be 195 + -187 - ((-2)/3 + 92/12). Calculate n(s).
-4
Let i(q) = -q + 1. Let a = -240 + 235. Let g be (-20)/a - 0 - 7. Determine i(g).
4
Let t(m) = -24*m + 197. Let c(j) = 242*j + 3154. Let f be c(-13). Give t(f).
5
Let i(w) = -w**3 - 3*w**2 + 4*w - 8. Let k be 42/(-24) + 18/(-8). Determine i(k).
-8
Let m(h) = -13*h**2 + 244*h + 48. Let o be m(19). Let a(k) = -k**3 - 10*k**2 - 10*k - 10. Calculate a(o).
-1
Let c(w) = -6*w. Suppose 9 = 5*r - a - 10, 2*a = 4*r - 14. Suppose -t - 4*q + 22 + 1 = 0, -q = -r*t + 7. Determine c(t).
-18
Let f(x) = -59*x**3 + x**2 - 2*x + 1. Let t be f(1). Let a = t + 60. Let y(b) = -a + 5*b**2 + 5*b**3 - 8*b**3 + 2*b**3 - 6. Calculate y(5).
-7
Suppose 4*a + 3*h - 15 = 0, -10 = -7*a + 4*a - h. Let s(u) = -2 - 6*u + 4*u - a*u. Determine s(6).
-32
Suppose 145 = -5*k + 5*h, -34*k + 31*k = -4*h + 91. Let n(b) = b**3 + 23*b**2 - 52*b - 47. Calculate n(k).
3
Let w be 324/(-48)*1184/12. Let d = -662 - w. Let m(v) be the third derivative of -v**6/120 + v**5/20 + v**4/8 + 5*v**3/6 + v**2. Calculate m(d).
1
Let f(x) = x**2 + 3*x + 1. Let w(d) = -4*d**2 - 3*d - 19. Let l(g) = 10*f(g) + 2*w(g). Give l(-13).
-2
Let h(y) = 385*y + 380*y + 3 - y**2 - 767*y - 5. What is h(4)?
-26
Suppose 2655*h = 2663*h. Let k = 3 + 1. Let q(s) = 6*s**2 + 4*s - 9. Let y(a) = -5*a**2 - 3*a + 8. Let u(b) = k*q(b) + 5*y(b). Give u(h).
4
Suppose -2*z - 4 = -m, 4 = -9*m + 10*m - 5*z. Let f(n) = n**3 - 4*n**2 + 4*n - 5. Give f(m).
11
Suppose 0 = 5*n - 0*n - 15. Let v(o) = n*o**3 - 2*o**3 - o - 4*o**2 - 227 + 226. What is v(2)?
-11
Let j(l) be the third derivative of -l**4/8 + 2*l**3 + 702*l**2. Let w be 16/(-6)*(-1 - 2). Give j(w).
-12
Let i be (-272)/(-28) - (-3)/((-63)/(-6)). Suppose -o + 5*g - 8 = i, 2*o = -3*g + 16. Let r(t) = -4*t**2 - 2*t - 2*t**2 - 2*t**3 + 9*t**2 - 2. What is r(o)?
-10
Let v(m) = m**2 - 8*m + 8. Let z(t) = 293*t + 2643. Let p be z(-9). Determine v(p).
-4
Let o(g) be the third derivative of g**4/6 - 4*g**3/3 + 489*g**2. Calculate o(4).
8
Let y(b) = -3*b - 8. Let c(w) = -w**3 - 5*w**2 + 3*w + 4. Let i be c(-4). Let t be (-3 - i)*-2*2/12. Determine y(t).
13
Let l(m) = -43*m + 662 + 630 - 1333 + 51*m. What is l(5)?
-1
Let d(v) be the second derivative of -5*v**3/3 + 146*v**2 + 2891*v. Give d(30).
-8
Let t(c) = 3*c - 4. Let h be 18/45 + (-53)/(-5). Let u be 4/22 + (-2)/h. Suppose o + o + 6 = u. Give t(o).
-13
Let y(p) be the first derivative of p**5/60 + 5*p**4/6 - 4*p**3 - 27*p**2/2 + 93. Let z(b) be the second derivative of y(b). Calculate z(-21).
-3
Let g(s) = -2*s - 19*s + 49*s - 24*s + 12 + s**2. What is g(-7)?
33
Let m(y) = -11*y - 4. Let a(z) = 8*z + 21. Let o = -560 + 557. Let i be a(o). Determine m(i).
29
Let l(r) = -r**3 - 2*r**2 + 2*r - 3. Let x(w) = -w**3. Let f(c) = l(c) - 2*x(c). Let o be f(3). Let u(j) = -19 - j**2 + 30 - 2*j - o. What is u(-2)?
-1
Let p(u) = -16*u - 85. Suppose -4*s + 5*n - 22 = -27, 40 = -3*s - 5*n. What is p(s)?
-5
Let c(g) = 12*g**2 + 49*g + 29. Let l(j) = 7*j**2 + 24*j + 14. Let t(b) = -4*c(b) + 7*l(b). Determine t(28).
-18
Let i(z) = -3*z - 13. Let m(x) = 3*x + 11. Let j be ((-85)/15 - -5)*-3. Let l(v) = j*i(v) + 3*m(v). Give l(5).
22
Let g(i) = -i**3 - 37*i**2 - 35*i + 28. Let v = 7843 - 7879. What is g(v)?
-8
Let g(y) be the third derivative of 0*y**4 + 0*y**5 + 1/6*y**3 - 1/15*y**6 + 0 + 0*y + 23*y**2. Let s(h) = -h**3 - 6*h**2 + 17*h + 7. Let m be s(-8). Give g(m).
9
Let l(s) be the third derivative of s**4/24 - 5*s**3/3 + 2*s**2 - 973*s - 2. Let o be 405/36 + 2/(-8). Give l(o).
1
Let m be 2/(2/(-48)*-4). Suppose 5*o + m = 11*o. Let s(b) = -4*b + b + o*b - 3*b. What is s(-2)?
8
Let b(l) = -l**2 - 4*l + 9. Let x be (-5)/(-7)*(18 - 4)/2. Let t(g) = -3*g**2 - 8*g + 22. Let o(s) = x*b(s) - 2*t(s). Suppose -j = 2*j - 18. What is o(j)?
13
Let h(t) = -3*t - 3*t**3 + 2*t**3 + 0*t**2 + 1 - 3*t**2 + 7*t. Let p be (-17888)/(-258)*(-6)/(4/2). Let s = 204 + p. Determine h(s).
1
Let u(t) = t**2. Let n be ((-8)/16)/((-4)/(-8)). Let h(r) = r**2 + r + 5. Let i(w) = n*h(w) + 2*u(w). Determine i(4).
7
Let g(t) = -36*t**3 + 23*t**2 - 47*t - 1. Let i(l) = -43*l**3 + 23*l**2 - 48*l - 1. Let p(x) = -6*g(x) + 5*i(x). Determine p(21).
1
Let y(w) = 42*w**3 - 196*w**2 - 58*w - 9. Let f(h) = -19*h**3 + 97*h**2 + 29*h + 7. Let a(s) = -9*f(s) - 4*y(s). Calculate a(30).
3
Let y = -31570 + 31566. Let f(w) = -11*w - 49. Give f(y).
-5
Let v(m) = m**2 + 13*m - 5. Let y be (-26)/5 + 18/90. What is v(y)?
-45
Let u(g) = -14*g**2 - 61*g + 3*g**2 - g**3 + 1 - 71*g + 18 + 156*g. Calculate u(-13).
45
Let o(v) = -2*v - 1. Let r(a) = -3*a - 1. Let l(f) = -4*o(f) + 3*r(f). Let h = -10 - -20. Let k(j) = 2*j**2 - 22*j + 22. Let s be k(h). What is l(s)?
-1
Suppose 3*n = -2*n + 10. Let c be 0 - 1 - n - (0 + -5). Let d(f) = -15*f**2 - f**3 + 7 + 9*f**2 + 6*f + c*f**2. Give d(-5).
2
Let r be (-2)/3*6 - 71. Suppose -4*b + b - 4*s - 181 = 0, 2*s + 258 = -4*b. Let z = r - b. Let t(f) = -f**2 - 7*f + 5. Give t(z).
-3
Let l be -87*4/12 + 19. Let d(p) = -p**3 - 13*p**2 - 29*p + 2. Calculate d(l).
-8
Let h(u) = 50*u**2 - 7*u + 5. Let o(z) = -92*z**2 + 12*z - 9. Let r(j) = 11*h(j) + 6*o(j). Determine r(2).
-17
Let h(j) = 10*j**2 + 15*j - 4. Let r(z) = 5*z - 2 - 3 + 3*z**2 + 4. Let n = 160 - 162. Let k(u) = n*h(u) + 7*r(u). Give k(-5).
1
Let p(a) = 40*a**2 + 3*a + 15. Let o(k) = -61*k**2 - 2*k - 16. Let g(c) = -2*o(c) - 3*p(c). What is g(6)?
29
Suppose -37*n = -38*n - 5*g + 29, 2*n + 26 = 2*g. Let q(z) = -10*z - 20. Calculate q(n).
40
Let w(g) = -g**2 - 40*g + 7. Let f(y) = -y**2 - 29*y + 6. Let a(p) = -3*f(p) + 2*w(p). What is a(-7)?
-4
Let q(w) be the second derivative of -w**4/12 + 5*w**3/2 - 32*w**2 - 3*w + 1752. What is q(9)?
-10
Let q(x) = x + 4. Let n be (6/5)/(1*(-12)/(-40)). Suppose -n*m - 3*w = -9*m + 6, -8 = 4*m + 4*w. Suppose -d - 2*z - 2 = m, 6 = -2*d - 3*z + z. Calculate q(d).
0
Suppose 4*n = -2*o + 10, 3*n + o + 3*o = 15. Let y(l) = 10944*l + 32*l**2 - 1 - 5468*l - 5474*l. Determine y(n).
33
Suppose -24*f = 53 + 43. Let k(g) = 9*g**3 - 16*g**2 + 4*g + 33. Let d(h) = 7*h**3 - 1